g) = -44*g + 8*g - 5*g + 19*g - 27. Calculate w(-1).
-5
Suppose -15*z + 7531 = z + 7515. Let c(k) = -11*k**3 + 2*k - 2. What is c(z)?
-11
Suppose -2*c + 5 - 10 = -p, 4*p + 3*c = -24. Let r(f) = f**3 + 4*f**2 + 2*f - 4. What is r(p)?
-1
Let k(u) = u**2 - 9*u - 1. Let g(j) = 8*j**3 + 2*j**2 - 45*j + 44. Let c be g(1). Determine k(c).
-1
Let u(n) = n**3 + 5*n**2 - 4*n - 1. Suppose 45*m - 143 + 53 = 0. Calculate u(m).
19
Let v(k) = k**3 - 47*k**2 - 99*k + 50. Let x(q) = -67*q**2 - 214*q + 10. Let j be x(-3). What is v(j)?
1
Let i(a) = -7*a - 7. Let x be (-25)/3 - (-4)/(-48)*8. Determine i(x).
56
Let q(r) = -162*r + 2 - r**2 - 110*r + 37*r**3 + 273*r. Give q(-1).
-37
Let s be ((-27)/(-81))/(2/24). Suppose s*m - 2*b + 9 = m, -3*m + 4*b - 15 = 0. Let o(t) = t. What is o(m)?
-1
Let z(c) = -c**3 + 9*c**2 + 14*c - 38. Let f be z(10). Let o(g) = -4408*g + 0 + 3*g**2 - 4414*g - 1 + 8821*g. Give o(f).
9
Let y(p) = 18*p + 38. Let v(f) = -f - 15. Let t(w) = 3*v(w) + y(w). Calculate t(-1).
-22
Let f(r) = -r + 0*r**3 - 5*r - 307*r**2 + r**3 + 308*r**2 - 2 - 2. Give f(-4).
-28
Suppose 3*t = -v + 9, -2*t - 16 = -7*t - 2*v. Let k(y) = -y**t - 29 - 6*y + 26 + 6*y + 8*y. Calculate k(5).
12
Suppose -22*z + 23*z = 7. Suppose 7*r = z + 49. Let u(s) = -4 + 3*s**2 - r*s**3 - 6*s - 12*s**3 + 3*s**2 + 19*s**3. Calculate u(5).
-9
Let h(n) = -15*n + 44. Let k(u) = -61*u + 171. Let f(a) = 11*h(a) - 3*k(a). Determine f(2).
7
Let v(q) be the second derivative of -1/2*q**2 + 27*q - 2 - 1/20*q**5 - 3/4*q**4 + q**3. What is v(-10)?
39
Let p(d) = 20*d - 291. Let g(n) = 7*n - 102. Let k(f) = 17*g(f) - 6*p(f). Calculate k(5).
7
Let q(j) be the second derivative of -j**5/20 - j**4/2 + 4*j**3/3 + 5*j**2/2 - j. Let i(o) = 430*o + 8163. Let c be i(-19). Calculate q(c).
-2
Let u(f) = -19*f + 20*f - 2*f**2 + 55*f + 20*f + 134 + 13*f. What is u(46)?
-4
Let m(x) = -x**3 - x**2 + 6. Let y(a) = -10*a + 28. Let v be y(16). Let b be 6/4*(v/(-18) + -6). Suppose 8*t - 2*t = b*t. Determine m(t).
6
Suppose h = 5*s - 58 + 46, -s + 2 = 0. Let z(b) = b**3 + 6*b**2 - 2*b - 1. Give z(h).
19
Let y(r) = -4*r + 94. Let x(o) = -6*o + 90. Let l(f) = 5*x(f) - 4*y(f). Determine l(6).
-10
Suppose 10*s - 8 = 42. Let j(g) be the third derivative of -g**4/24 - g**3/2 + 4*g**2. Determine j(s).
-8
Let h(q) = -21*q**3. Suppose 444 = 2*o + o + y, 3*y = 5*o - 754. Let n = o - 150. What is h(n)?
21
Suppose 2*h = 4*f - 18 - 152, f - 398 = 5*h. Let a = -42 - h. Let m(l) = a*l + 2 + 1 - 36*l. Determine m(8).
11
Let u be (-2)/3*(-7 + 1). Let x(b) be the second derivative of -341 - 2*b + 1/6*b**3 - 2*b**2. Determine x(u).
0
Let n be (-2 - -7) + -10 - -10. Suppose 0 = -n*w + 2*d, -9 = 5*w + 5*d + 26. Let t(y) = -2 + 2*y + y + 1 + y**2. Calculate t(w).
-3
Let o be 15/(-20)*(-3 - -23 - 4). Let i = 11 + o. Let z(p) = 21*p**3 - 2*p**2 - p. What is z(i)?
-22
Let g(x) = -x**2 + 19*x - 31. Let y be g(17). Let l(n) = 50*n**3 - 2 - 3*n**2 - 51*n**y + 5*n**2. Give l(2).
-2
Suppose -2*f + 18 = -2*v - 16, -5*v + f = 105. Let y(i) = -i**3 - 24*i**2 - 44*i - 1. Let s be y(v). Let k(x) = -50*x - 1. Determine k(s).
49
Suppose 0 = 2*l + 5*l - 7. Let d be (-675)/325 - l/(-13). Let y(f) = -2*f**3 - 2*f**2. Determine y(d).
8
Let t(w) = 12*w + 1. Suppose -3*b + 1 = -5, 422 = 4*f - 3*b. Let u = -100 + f. Suppose u - 1 = 6*z. What is t(z)?
13
Suppose -10 = -3*l + 2*p, -2*p - 2*p = -2*l + 12. Suppose l*m + 41 = 2*r + 13, -2*m - 73 = -5*r. Let u be ((-18)/r)/((-6)/(-30)). Let v(w) = -w - 10. Give v(u).
-4
Suppose 4*h = 8*h - 5*h. Suppose -y - 2*y - 5*u + 11 = h, -5*y + 12 = 2*u. Suppose 7*g - y*g = -5, 4*g + 4 = -3*i. Let o(b) = b**2 - b - 4. Calculate o(i).
-4
Suppose -3*u + 24 = w, w - 4*u - 14 = -4. Suppose 0 = -10*a + 2 + w. Let o(s) = -3*s**2 - 5 - 7*s + s + 4*s**2 - 2*s**a. Determine o(-4).
3
Let q(p) be the second derivative of p**5/20 + p**4/12 + p**3/3 + 6*p**2 - 28*p. Let r be q(0). Let i(k) = -10 + k**3 + 1 + r*k - 11*k + k**2. Determine i(0).
-9
Let s(v) be the first derivative of -v**3 - 18 - 3*v - 3/2*v**2. Let n(f) = -f**2 + 6*f - 2. Let c be n(6). Determine s(c).
-9
Let d(z) be the first derivative of 0*z - 3/2*z**2 - 51. Let l(k) = -k**3 + 2*k**2 + 2*k. Let y be l(3). Calculate d(y).
9
Suppose -6*x - 27 = -5*x. Suppose -17*a + 19*a = 8. Let t be a/6 - (-126)/x. Let v(b) = -b**3 - 4*b**2 - b - 1. Calculate v(t).
3
Let d(i) = 1 + 160*i**2 - 64*i**2 - 79*i**2 - 183*i - i**3 + 166*i. Determine d(16).
-15
Let u(z) = -4*z - 1. Let g(r) = -5*r. Let a(b) = 3*g(b) - 4*u(b). Let v be a(0). Let p(c) be the first derivative of -7*c**2/2 + 6*c - 8. Calculate p(v).
-22
Let b(w) = -9*w - 1. Let g(t) = t**2 - 16*t + 9. Let f be g(10). Let i(d) = -d**2 - 6*d + 5. Let y be i(5). Let p = f - y. What is b(p)?
8
Let d(w) be the third derivative of w**6/60 + 3*w**5/20 - w**4/8 + 23*w**3/6 - w**2 + w - 1513. Give d(-5).
13
Let g(b) = -13*b - 186. Let t be g(-14). Let o(u) = 13*u**2 - 11*u - 6 - 2*u**2 - 12*u**2. What is o(t)?
22
Let r(d) = 2 + 3*d - d - 3. Let b(o) = -14*o + 29. Let v be b(8). Let y = 77 + v. Determine r(y).
-13
Let w(l) be the second derivative of 7*l**4/12 - 155*l**3/6 + 11*l**2 - 3851*l. What is w(22)?
0
Let r = -528 - -349. Let t = -168 - r. Let a(i) = i**3 - 10*i**2 - 11*i. Determine a(t).
0
Suppose -5*i - y + 50 = 25, 4*y - 15 = -3*i. Let s(g) = g**3 - 7*g**2 + 11*g - 19. Calculate s(i).
-14
Let q(i) = -i**3 + 10*i**2 + 60*i - 53. Let x be q(14). Let m(k) = -11*k + 6. Calculate m(x).
-27
Let c(n) = n**3 + 13*n**2 + 11*n - 23. Let j be c(-10). Let q = -172 + j. Let v(y) = -y**3 - 6*y**2 + 42*y + 41*y - 3 - 91*y. Determine v(q).
12
Let s(k) be the first derivative of k**3/3 + 9*k**2 + 4*k + 142. Suppose 2*u + 4*h + 16 = 0, 3*h + 2*h - 25 = 0. What is s(u)?
4
Let i(l) = 2*l**3 + 6*l**2 + 9*l + 11. Let x be (1 + 3)*176/(-352). Give i(x).
1
Let z = 661 - 659. Let r(t) = 4*t**2 + 2*t - z + 2 + 8 - 6 - 1. What is r(-3)?
31
Let t(v) = -v**3 + 4*v**2 - 4*v + 1. Let l(x) = -37 + 31 - 29 + x. Let j be l(38). What is t(j)?
-2
Let q(j) = 8 - 40*j + 45*j + 10. Give q(-3).
3
Let i(k) = k + 5. Let r = -102 + 175. Let o = -68 + r. Suppose 17 = -5*d + 3*c, 0 = o*d - 6*c + 2*c + 16. Give i(d).
1
Let n(j) = -6*j**3 + 84*j**2 + 24*j - 44. Let s(i) = 7*i**3 - 100*i**2 - 29*i + 53. Let p(m) = -13*n(m) - 11*s(m). Give p(-6).
19
Let p be 106/477 - 2*61/(-18). Suppose p*k = 686 - 749. Let i(f) = -f**2 - 7*f - 6. Calculate i(k).
-24
Suppose 80*i - 179*i = 0. Let g(a) = 2*a - 58. Calculate g(i).
-58
Suppose -2*p + 12 = 68. Let u = 30 + p. Let d(o) be the third derivative of o**4/8 - o**3/6 + 34*o**2. What is d(u)?
5
Let s(y) be the first derivative of 0*y - 37/2*y**2 + 1/24*y**4 - 44 + 1/6*y**3. Let z(u) be the second derivative of s(u). Give z(3).
4
Let x(d) = 13*d**2 + d - 216. Let i(k) = 3*k**2 - 54. Let p(z) = -18*i(z) + 4*x(z). Let t(f) be the first derivative of p(f). Determine t(-3).
16
Suppose -7*r + 2*r + 15 = -4*t, 5*t + 30 = -5*r. Let s(v) = 8*v - 5. Let u(x) = x - 1. Let l(g) = r*s(g) + 5*u(g). Determine l(4).
-12
Let j(m) = -29*m**2 - 55*m + 98. Let x(d) = -10*d**2 - 19*d + 34. Let o(z) = 6*j(z) - 17*x(z). Calculate o(-3).
-5
Let i(p) be the second derivative of p**3/3 + 3*p**2/2 + 3*p. Suppose -m + 5*l - 772 + 769 = 0, 44 = -5*m - 4*l. Calculate i(m).
-13
Let d = -24 - -23. Let s(o) be the second derivative of -2/3*o**4 + 0 - 1/6*o**3 + o + 0*o**2. Calculate s(d).
-7
Let k(f) = -f**2 - 4*f + 0*f + 2*f + 1 + 5*f. Let d be k(2). Let x(m) be the first derivative of m**3/3 - 2*m**2 - 2*m + 5. Determine x(d).
-5
Let r(w) = 15*w**3 - w**2 + 7*w + 8. Let c be r(-1). Let d(p) = -5*p - 18. Let u(i) = -4*i - 16. Let b(q) = 3*d(q) - 4*u(q). Give b(c).
-5
Let z(i) = -411*i - 400. Let u be z(-1). Let d(w) be the first derivative of 1/2*w**2 - u*w + 35. What is d(9)?
-2
Let b(h) = -3*h**2 + h + 8. Let f = -218 + 216. What is b(f)?
-6
Let x(l) = 1. Let j(h) = 2*h**2 - 5*h - 4. Let z be j(3). Let p(c) = 2*c - 15. Let v(o) = z*p(o) - 6*x(o). Suppose -4*b - 18 = -7*b. Determine v(b).
-3
Let m(j) = -j - 3. Suppose -18*k + 14*k - 4 = 0, 5*k + 233 = 3*b. Let s = 71 - b. What is m(s)?
2
Let j(z) be the third derivative of -z**4/24 - 3*z**3 - z**2. Suppose -2*a - 372 = -4*q, 2*q + 697 = -4*a - 57. Let d = a - -188. What is j(d)?
-18
Let u(i) = -36*i**3 - 14*i**2 - 